{"id":4132,"date":"2023-03-28T18:21:31","date_gmt":"2023-03-28T22:21:31","guid":{"rendered":"https:\/\/icam-cimu.ca\/?post_type=sessions&#038;p=4132"},"modified":"2023-03-28T18:21:31","modified_gmt":"2023-03-28T22:21:31","slug":"hr-p-92-pharmacogenetique-de-la-reponse-aux-anti-tnf-dans-le-traitement-de-la-colite-ulcereuse","status":"publish","type":"sessions","link":"https:\/\/icam-cimu.ca\/fr\/sessions\/hr-p-92-pharmacogenetique-de-la-reponse-aux-anti-tnf-dans-le-traitement-de-la-colite-ulcereuse\/","title":{"rendered":"HR-P-92 | Pharmacog\u00e9n\u00e9tique de la r\u00e9ponse aux anti-TNF dans le traitement de la colite ulc\u00e9reuse"},"template":"","accreditation":[60],"speakers":[],"session-themes":[37],"sessions":[32],"class_list":["post-4132","sessions","type-sessions","status-publish","hentry","accreditation-non-accredited","session-themes-health-research","sessions-poster-sessions"],"aioseo_notices":[],"_links":{"self":[{"href":"https:\/\/icam-cimu.ca\/fr\/wp-json\/wp\/v2\/sessions\/4132"}],"collection":[{"href":"https:\/\/icam-cimu.ca\/fr\/wp-json\/wp\/v2\/sessions"}],"about":[{"href":"https:\/\/icam-cimu.ca\/fr\/wp-json\/wp\/v2\/types\/sessions"}],"wp:attachment":[{"href":"https:\/\/icam-cimu.ca\/fr\/wp-json\/wp\/v2\/media?parent=4132"}],"wp:term":[{"taxonomy":"accreditation","embeddable":true,"href":"https:\/\/icam-cimu.ca\/fr\/wp-json\/wp\/v2\/accreditation?post=4132"},{"taxonomy":"speakers","embeddable":true,"href":"https:\/\/icam-cimu.ca\/fr\/wp-json\/wp\/v2\/speakers?post=4132"},{"taxonomy":"session-themes","embeddable":true,"href":"https:\/\/icam-cimu.ca\/fr\/wp-json\/wp\/v2\/session-themes?post=4132"},{"taxonomy":"sessions","embeddable":true,"href":"https:\/\/icam-cimu.ca\/fr\/wp-json\/wp\/v2\/sessions?post=4132"}],"curies":[{"name":"wp","href":"https:\/\/api.w.org\/{rel}","templated":true}]}}

HR-P-92 | Pharmacogénétique de la réponse aux anti-TNF dans le traitement de la colite ulcéreuse
