{"id":3281,"date":"2023-03-01T12:54:02","date_gmt":"2023-03-01T17:54:02","guid":{"rendered":"https:\/\/icam-cimu.ca\/?post_type=sessions&#038;p=3281"},"modified":"2023-03-08T15:05:13","modified_gmt":"2023-03-08T20:05:13","slug":"oa-5-5","status":"publish","type":"sessions","link":"https:\/\/icam-cimu.ca\/fr\/sessions\/oa-5-5\/","title":{"rendered":"OA-5-5 | P\u00f4le R\u00e9gional en \u00c9thique Clinique, Professionnelle Et Organisationnelle : Une Collaboration Essentielle Pour Le Renforcement Des Capacit\u00e9s Professionnelles"},"template":"","accreditation":[60],"speakers":[],"session-themes":[38,137],"sessions":[31],"class_list":["post-3281","sessions","type-sessions","status-publish","hentry","accreditation-non-accredited","session-themes-medical-education","session-themes-professionalism","sessions-oral-presentations"],"aioseo_notices":[],"_links":{"self":[{"href":"https:\/\/icam-cimu.ca\/fr\/wp-json\/wp\/v2\/sessions\/3281"}],"collection":[{"href":"https:\/\/icam-cimu.ca\/fr\/wp-json\/wp\/v2\/sessions"}],"about":[{"href":"https:\/\/icam-cimu.ca\/fr\/wp-json\/wp\/v2\/types\/sessions"}],"wp:attachment":[{"href":"https:\/\/icam-cimu.ca\/fr\/wp-json\/wp\/v2\/media?parent=3281"}],"wp:term":[{"taxonomy":"accreditation","embeddable":true,"href":"https:\/\/icam-cimu.ca\/fr\/wp-json\/wp\/v2\/accreditation?post=3281"},{"taxonomy":"speakers","embeddable":true,"href":"https:\/\/icam-cimu.ca\/fr\/wp-json\/wp\/v2\/speakers?post=3281"},{"taxonomy":"session-themes","embeddable":true,"href":"https:\/\/icam-cimu.ca\/fr\/wp-json\/wp\/v2\/session-themes?post=3281"},{"taxonomy":"sessions","embeddable":true,"href":"https:\/\/icam-cimu.ca\/fr\/wp-json\/wp\/v2\/sessions?post=3281"}],"curies":[{"name":"wp","href":"https:\/\/api.w.org\/{rel}","templated":true}]}}

OA-5-5 | Pôle Régional en Éthique Clinique, Professionnelle Et Organisationnelle : Une Collaboration Essentielle Pour Le Renforcement Des Capacités Professionnelles
